s 27b37 + 294?
27dcb
In base 8, what is 1474422 + 21?
1474443
In base 11, what is a + -713a96?
-713a87
In base 11, what is 2 + 996595?
996597
In base 16, what is -4 + 7e9114c?
7e91148
In base 16, what is 12871 + 12?
12883
In base 4, what is 312333 - 22200030?
-21221031
In base 9, what is -22286 - 455?
-22752
In base 3, what is 100120222120002000 - 11?
100120222120001212
In base 9, what is -14 + 36227414?
36227400
In base 3, what is 1 + 112012000001111?
112012000001112
In base 8, what is 425 + 163463?
164110
In base 6, what is 5553050224 + -1?
5553050223
In base 5, what is -22000132423 - 0?
-22000132423
In base 7, what is 11636261 + -13?
11636245
In base 3, what is -11120012 - -1011021102?
222201020
In base 7, what is -612554 + -4402?
-620256
In base 3, what is 2110212 - 210101?
1200111
In base 7, what is 36462 + 1504?
41266
In base 9, what is 206064103 - 4?
206064088
In base 2, what is 101000100000110100 + 100000011010?
101001000001001110
In base 2, what is -10100101100 - 11000011100?
-101101001000
In base 7, what is -30051 + -5233?
-35314
In base 15, what is 34c3b9 - -7?
34c3c1
In base 8, what is -42 - -10051333?
10051271
In base 9, what is 788768 - -441?
800320
In base 13, what is 2 + -446058?
-446056
In base 11, what is 2 + 36477381?
36477383
In base 5, what is 221242214 + 422?
221243141
In base 6, what is -31 - -250442313?
250442242
In base 3, what is 21 - -10012221000112002?
10012221000112100
In base 14, what is a4d4d2 - -5?
a4d4d7
In base 4, what is -20223303 + 21120?
-20202123
In base 11, what is -20063979 - -6?
-20063973
In base 7, what is -152130565 - -2?
-152130563
In base 15, what is -1c + -61392?
-613ae
In base 16, what is 14 - 187337?
-187323
In base 12, what is 11 + 702293?
7022a4
In base 8, what is 2733026 - -121?
2733147
In base 4, what is 222 + -23022312121?
-23022311233
In base 15, what is -1 + -190011a?
-190011b
In base 10, what is -2769 - 420?
-3189
In base 4, what is -2020222110001 + -11?
-2020222110012
In base 15, what is -7e1 + 772?
-6e
In base 15, what is 3 - 204ccc0?
-204ccbc
In base 12, what is 30b525 + 7b1?
310116
In base 9, what is -8847613 + -31?
-8847644
In base 10, what is 387 + 1225193?
1225580
In base 15, what is -1b5dd5 - -1a?
-1b5dba
In base 9, what is 1651245 + -61?
1651174
In base 3, what is -21 - 10012121120212111?
-10012121120212202
In base 7, what is -55 + 465134?
465046
In base 10, what is 1723 - 504?
1219
In base 15, what is 3 - -94a48a0?
94a48a3
In base 6, what is 34132413 - -15?
34132432
In base 4, what is 2231012310203 + -11?
2231012310132
In base 15, what is -5db796 - -5?
-5db791
In base 11, what is -8 + -4169842?
-416984a
In base 15, what is 3a - 8aa2?
-8a67
In base 11, what is 14 - 1030963?
-103094a
In base 14, what is b663b + 58?
b6695
In base 7, what is -113225563 + -34?
-113225630
In base 9, what is -34603 + -12338?
-47042
In base 5, what is 220212 + 43413?
314130
In base 13, what is c267 + -828?
b73c
In base 8, what is 1444 - 2006012?
-2004346
In base 16, what is -283cd - -229?
-281a4
In base 3, what is -22100 - 112000210222?
-112001010022
In base 4, what is -3321031011 + 202?
-3321030203
In base 8, what is -21567 - 1202?
-22771
In base 9, what is 1056812 - 2058?
1054743
In base 10, what is -686 + -342679?
-343365
In base 12, what is 3 + 4982b7?
4982ba
In base 2, what is -11100011011010 - -1001011010110111?
101110111011101
In base 10, what is -153686268 + 1?
-153686267
In base 9, what is -315808363 - 0?
-315808363
In base 7, what is 5 - 312061645?
-312061640
In base 16, what is 221f - -1341?
3560
In base 13, what is -cc49c - 210?
-cc6ac
In base 11, what is -3 + -436590?
-436593
In base 16, what is 233ed6c6 + 5?
233ed6cb
In base 4, what is 12321321203 + 11?
12321321220
In base 15, what is 1 - -40792b?
40792c
In base 16, what is 2 + cadc2f?
cadc31
In base 11, what is -815 - 59265?
-59a7a
In base 7, what is -13 - -22304406?
22304363
In base 15, what is 1334d1b - -2?
1334d1d
In base 2, what is -111100001001111 - -10000111?
-111011111001000
In base 7, what is -205665 - 4224?
-213222
In base 13, what is 2 + 2466530?
2466532
In base 16, what is 54 - -99f1b?
99f6f
In base 9, what is -3737072605 + -2?
-3737072607
In base 2, what is -1100011001 + 1101100011011?
1100000000010
In base 3, what is 2 + 21221102102120?
21221102102122
In base 15, what is -6 + e9d48?
e9d42
In base 4, what is 1130012210 + -130?
1130012020
In base 11, what is 1776 + -607?
116a
In base 16, what is -14b2be - -24?
-14b29a
In base 14, what is -5 - -1180ddd?
1180dd8
In base 5, what is 233 - -30210231?
30211014
In base 6, what is -14 - 102312024?
-102312042
In base 16, what is -3 + 95cd4c?
95cd49
In base 5, what is 3 + -2204212441?
-2204212433
In base 14, what is -14 - -1b413a3?
1b4138d
In base 10, what is -14403434 + -1?
-14403435
In base 13, what is cab - 7947?
-6969
In base 12, what is -10 + -246040?
-246050
In base 13, what is -4 + -69802a?
-698031
In base 10, what is 14 - -221139?
221153
In base 16, what is 19d4e + 67b?
1a3c9
In base 4, what is -333133110100022 + 0?
-333133110100022
In base 6, what is -2 - 44412021?
-44412023
In base 9, what is -160161634 - 2?
-160161636
In base 3, what is -202 - 2101021112102?
-2101021120011
In base 13, what is 37ab - -718?
41c6
In base 10, what is -2 - -2152730?
2152728
In base 6, what is -14114 - -2200152?
2142034
In base 3, what is -10220211012022011 - -2?
-10220211012022002
In base 4, what is 10011 - -2333211330?
2333222001
In base 12, what is -1970343 + -5?
-1970348
In base 11, what is -7973468 - 0?
-7973468
In base 12, what is -15b + -290ab6?
-291055
In base 4, what is 10133 - -2121013032?
2121023231
In base 4, what is -2101032 + -103100?
-2210132
In base 10, what is -11690 - -10996?
-694
In base 12, what is -681291 + 2b?
-681262
In base 11, what is -50a9a + -9a?
-51089
In base 11, what is -774356253 + 2?
-774356251
In base 14, what is -73b695 + 3?
-73b692
In base 7, what is -1 + 314236536?
314236535
In base 15, what is -bd70 + -29d4?
-e854
In base 3, what is 12021002020110 - -12?
12021002020122
In base 7, what is -1 - 31266015?
-31266016
In base 5, what is -13122 + 243422?
230300
In base 9, what is 3 - 23250654?
-23250651
In base 9, what is -3467 - 1745?
-5323
In base 4, what is -3 + 300003031112?
300003031103
In base 12, what is -428b5671 + 3?
-428b566a
In base 8, what is 352504 + 2645?
355351
In base 3, what is -1101112022120121 - -2?
-1101112022120112
In base 14, what is 133d9d0 - 4?
133d9ca
In base 4, what is 2 + 3211231231013?
3211231231021
In base 14, what is -22068 - 104?
-2216c
In base 14, what is -1348c1 - 59?
-13493a
In base 5, what is -4102 + -141413142?
-141422244
In base 9, what is 618 - 43702?
-43073
In base 7, what is -131334404 - -5?
-131334366
In base 14, what is 1198793 - 3?
1198790
In base 5, what is -3 + -242141043?
-242141101
In base 5, what is -1213 + 323422111?
323420343
In base 11, what is -133401 - -57?
-133355
In base 12, what is -601 - 14a?
-74b
In base 13, what is -382 + 73931?
7357c
In base 3, what is -122221 + -20111221222?
-20112121220
In base 8, what is -1350 + 161245?
157675
In base 7, what is -4 - 41411401?
-41411405
In base 16, what is -6676 - -19?
-665d
In base 2, what is 101 + 110010101110100101000?
110010101110100101101
In base 11, what is 112706 + -390?
112326
In base 8, what is 177541 - 1563?
175756
In base 12, what is 108528a + 6?
1085294
In base 4, what is 2321 + 231111001?
231113322
In base 13, what is -24688 + 4a1?
-241b7
In base 15, what is 121 + -136ed?
-135cc
In base 8, what is 6323554 + -25?
6323527
In base 7, what is -250105 + 10453?
-236322
In base 3, what is -110002211221211 + -12?
-110002211222000
In base 4, what is -10 - 12232322?
-12232332
In base 10, what is 3407575 - 3?
3407572
In base 15, what is 2 + -48337e?
-48337c
In base 16, what is -1b + -16cece?
-16cee9
In base 3, what is 202 - 102002120000000?
-102002112222021
In base 10, what is 249 - -260474?
260723
In base 2, what is 101110011111 + 101010100111100?
110000011011011
In base 3, what is -101112011 - -201011012?
22122001
In base 16, what is 6e4a9 - -21?
6e4ca
In base 8, what is -11 + -212746276?
-212746307
In base 7, what is 646661605 + 4?
646661612
In base 8, what is -1375 - 26550?
-30145
In base 5, what is 2031 + 23304343?
23311424
In base 10, what is 145531 - 2203?
1433